nder when 2357713 is divided by 782?
765
Calculate the remainder when 2759572 is divided by 3289.
101
Calculate the remainder when 44599 is divided by 21946.
707
What is the remainder when 1008808 is divided by 336201?
205
What is the remainder when 359397 is divided by 179662?
73
What is the remainder when 14277 is divided by 1098?
3
What is the remainder when 9570273 is divided by 63?
6
What is the remainder when 693252 is divided by 14750?
2
What is the remainder when 1800939 is divided by 225110?
59
Calculate the remainder when 72116 is divided by 12013.
38
Calculate the remainder when 201153 is divided by 315.
183
Calculate the remainder when 35763 is divided by 1872.
195
Calculate the remainder when 596452 is divided by 348.
328
What is the remainder when 60873 is divided by 393?
351
What is the remainder when 2356183 is divided by 294522?
7
What is the remainder when 166230 is divided by 2076?
150
Calculate the remainder when 8299328 is divided by 21335.
13
What is the remainder when 90290913 is divided by 36?
33
What is the remainder when 105174 is divided by 21001?
169
Calculate the remainder when 70327465 is divided by 5860620.
25
What is the remainder when 1941225 is divided by 1289?
1280
What is the remainder when 5349 is divided by 563?
282
What is the remainder when 14627 is divided by 1459?
37
Calculate the remainder when 106079 is divided by 7201.
5265
Calculate the remainder when 2003746 is divided by 3379.
3378
What is the remainder when 463318341 is divided by 46?
39
Calculate the remainder when 92591366 is divided by 90.
86
Calculate the remainder when 3299665 is divided by 1815.
1810
What is the remainder when 9317082 is divided by 194105?
42
Calculate the remainder when 19546047 is divided by 30.
27
Calculate the remainder when 5108661 is divided by 111.
108
What is the remainder when 336514 is divided by 88?
2
What is the remainder when 120761 is divided by 39680?
1721
What is the remainder when 4483058 is divided by 109?
106
Calculate the remainder when 1529719 is divided by 191180.
279
What is the remainder when 4237428 is divided by 23411?
37
What is the remainder when 84168663 is divided by 784?
775
What is the remainder when 12823 is divided by 735?
328
Calculate the remainder when 2581455 is divided by 85.
5
What is the remainder when 4274371 is divided by 421?
379
Calculate the remainder when 5504 is divided by 4984.
520
What is the remainder when 3530082 is divided by 82?
64
What is the remainder when 863077 is divided by 5952?
37
What is the remainder when 6784110 is divided by 11596?
450
What is the remainder when 20469009 is divided by 3411500?
9
Calculate the remainder when 528517 is divided by 410.
27
Calculate the remainder when 436850 is divided by 2131.
2126
Calculate the remainder when 2873 is divided by 239.
5
What is the remainder when 27540853 is divided by 6885209?
17
Calculate the remainder when 62405 is divided by 255.
185
Calculate the remainder when 768598 is divided by 766229.
2369
Calculate the remainder when 685232 is divided by 41.
40
Calculate the remainder when 487588 is divided by 89.
46
What is the remainder when 1580575 is divided by 2643?
61
Calculate the remainder when 520986 is divided by 516.
342
Calculate the remainder when 1126461 is divided by 32.
29
What is the remainder when 23860 is divided by 108?
100
What is the remainder when 2469692 is divided by 48?
44
Calculate the remainder when 2370139 is divided by 2862.
403
Calculate the remainder when 4957108 is divided by 1239275.
8
Calculate the remainder when 625710 is divided by 208569.
3
Calculate the remainder when 55667160 is divided by 11433.
11316
What is the remainder when 104784 is divided by 11625?
159
Calculate the remainder when 149366 is divided by 148889.
477
Calculate the remainder when 153006 is divided by 152936.
70
What is the remainder when 614246 is divided by 25545?
1166
Calculate the remainder when 307089 is divided by 82.
81
Calculate the remainder when 424877 is divided by 212432.
13
Calculate the remainder when 1021660 is divided by 1899.
1897
Calculate the remainder when 74398655 is divided by 178.
173
Calculate the remainder when 5052370 is divided by 5052242.
128
Calculate the remainder when 194361 is divided by 2111.
149
What is the remainder when 135676 is divided by 5898?
22
Calculate the remainder when 115979 is divided by 19308.
131
What is the remainder when 79901 is divided by 193?
192
What is the remainder when 5666218 is divided by 112?
26
Calculate the remainder when 10436068 is divided by 28.
20
Calculate the remainder when 87431 is divided by 1216.
1095
What is the remainder when 7731010 is divided by 229?
199
Calculate the remainder when 99692 is divided by 3799.
918
Calculate the remainder when 305563 is divided by 305391.
172
What is the remainder when 386242 is divided by 265?
137
What is the remainder when 88468 is divided by 446?
160
Calculate the remainder when 61051 is divided by 26345.
8361
What is the remainder when 104761 is divided by 2185?
2066
Calculate the remainder when 1902294 is divided by 53.
18
Calculate the remainder when 50338799 is divided by 439.
425
Calculate the remainder when 3155450 is divided by 394430.
10
Calculate the remainder when 304630 is divided by 1804.
1558
Calculate the remainder when 4261491 is divided by 246.
33
What is the remainder when 5312726 is divided by 664087?
30
Calculate the remainder when 176544 is divided by 637.
95
Calculate the remainder when 6828233 is divided by 913.
819
Calculate the remainder when 6203707 is divided by 54.
25
What is the remainder when 8356751 is divided by 2362?
2357
Calculate the remainder when 5301680 is divided by 386.
356
Calculate the remainder when 73639617 is divided by 726.
711
What is the remainder when 111652 is divided by 88?
68
What is the remainder when 266338 is divided by 262?
146
What is the remainder when 18968021 is divided by 93?
20
Calculate the remainder when 12235298 is divided by 397.
155
Calculate the remainder when 215982886 is divided by 310.
306
Calculate the remainder when 14918694 is divided by 17824.
6
What is the remainder when 9656820 is divided by 1379537?
61
What is the remainder when 110822 is divided by 2?
0
Calculate the remainder when 77589 is divided by 1273.
1209
What is the remainder when 3763875 is divided by 305?
175
What is the remainder when 32656567 is divided by 2041035?
7
What is the remainder when 748485 is divided by 548?
465
What is the remainder when 2063358 is divided by 596?
6
What is the remainder when 90875531 is divided by 66?
65
What is the remainder when 161054 is divided by 1026?
998
What is the remainder when 785464 is divided by 392729?
6
Calculate the remainder when 191107 is divided by 600.
307
Calculate the remainder when 1103039 is divided by 153.
62
Calculate the remainder when 3264433 is divided by 37.
34
Calculate the remainder when 4538681 is divided by 34.
21
What is the remainder when 6181669 is divided by 45790?
19
Calculate the remainder when 2449847 is divided by 1371.
1241
Calculate the remainder when 32293 is divided by 61.
24
What is the remainder when 11556757 is divided by 35?
2
Calculate the remainder when 1889361220 is divided by 4146.
4144
What is the remainder when 281679 is divided by 140357?
965
What is the remainder when 51898 is divided by 25579?
740
Calculate the remainder when 7201 is divided by 1472.
1313
What is the remainder when 70856 is divided by 542?
396
What is the remainder when 360218 is divided by 167?
166
What is the remainder when 38216 is divided by 344?
32
What is the remainder when 23270867 is divided by 133?
123
What is the remainder when 5680015 is divided by 1094?
1061
What is the remainder when 1944984 is divided by 79?
4
Calculate the remainder when 685646 is divided by 724.
18
What is the remainder when 4977010 is divided by 11389?
17
Calculate the remainder when 3036160 is divided by 114.
112
What is the remainder when 4903720 is divided by 4242?
4210
Calculate the remainder when 144007 is divided by 1518.
1315
What is the remainder when 235093 is divided by 12371?
44
Calculate the remainder when 356074923 is divided by 216.
3
What is the remainder when 3601844 is divided by 600237?
422
What is the re